- f. What is the highest common factor of y and 272?
17
Suppose 99*k = -225654 + 1594428. Calculate the highest common divisor of k and 62.
62
Let s be (-9 - (-14 + -7)) + -6. Suppose k + 0*y - 154 = 2*y, 5*y - 590 = -4*k. What is the highest common factor of s and k?
6
Let d be (10/(-2))/(-1*(-11)/(-385)). Calculate the highest common factor of d and 1645.
35
Let h = 1979 - -478. Suppose h = -44*v + 53*v. Calculate the greatest common divisor of v and 195.
39
Suppose 0 = -37*f + 4454 + 356. What is the greatest common divisor of f and 2405?
65
Suppose 0 = -30*o + 117*o - 161820. Calculate the greatest common divisor of o and 120.
60
Suppose -a = -5*y + 71, 12*y - 13*y = -2*a - 16. Suppose 0 = -23*b + y*b + 567. What is the greatest common factor of 252 and b?
63
Let h(r) = r**3 - 11*r**2 + 9*r - 23. Let u be h(11). Suppose 7*v - 188 + u = 0. Calculate the highest common factor of 16 and v.
16
Let q = 434 - 356. Let x be (2574/36)/(3*(-2)/(-36)). Calculate the greatest common divisor of x and q.
39
Suppose 22*p - 2 = 6 + 36. What is the highest common divisor of 4946 and p?
2
Let f be (-185)/(-1) + -12*26/(-78). Suppose 3*b = -3*k + 15, -4*k + 39 - 3 = -4*b. Calculate the greatest common factor of f and k.
7
Suppose -4*l + 3*p + 78 = 0, 2*l - 287*p + 290*p - 48 = 0. Calculate the greatest common factor of l and 9.
3
Let z(p) = -4*p - 1. Let c be z(-4). Suppose 8*w - 5*w = -53*w + 3360. Calculate the greatest common divisor of c and w.
15
Let h be 2221824/2200 - 2/(-25). What is the greatest common divisor of h and 30?
10
Let j be ((-1793)/(-33))/((-1)/3). Let o = j + 319. Calculate the highest common divisor of o and 24.
12
Let o(f) = 3*f**3 + 94*f**2 - 60*f + 342. Let c be o(-32). What is the highest common factor of c and 31030?
214
Let i = -10 + 13. Suppose i*l + 5*w - 10 = -2, w = 5*l + 24. Let d be (-6)/l*6/(-9) + 43. Calculate the greatest common factor of d and 6.
6
Suppose 4*h - 673 = -q, 23*h - 3*q = 22*h + 152. What is the greatest common factor of 3 and h?
1
Suppose m + 18 = 3*q, 30*m = -3*q + 35*m + 18. What is the highest common divisor of q and 822?
6
Let u be 10/3 - 1/3. Let q = -102 - -202. Suppose -18 = -103*x + q*x. What is the highest common factor of u and x?
3
Let c(r) = 20*r**2 + 3*r + 1. Let q be c(-2). Let m be 264/3*(17 + -15). Let x = m - 161. Calculate the greatest common factor of x and q.
15
Let y be (-7)/14*(0 - (-3 + 1)). Let o be y + 2/8 + (-867)/(-4). Let x = 24 - 0. What is the greatest common divisor of x and o?
24
Suppose 0 = -2*l - 2*y + 8, -2*l - 1 = -5*y - 2. Let a be 305/l + (12/(-18) - -1). What is the greatest common factor of a and 6?
6
Let f(r) = r**3 + 7*r**2 - 7*r + 10. Let b be f(-8). Let j be (-60)/20*(-940)/30. What is the greatest common factor of j and b?
2
Let i(r) = -r**3 - 11*r**2 + r + 36. Let l = 126 + -116. Suppose -l*k - 99 = -k. Let v be i(k). Calculate the highest common divisor of 100 and v.
25
Suppose -5*n - 30 = m + 2, 4*n + 13 = m. Let u = 6 + m. Let c be ((-8)/16)/(u/30). What is the highest common divisor of 6 and c?
3
Let d(r) = -14*r + 90. Let b(m) = m**2 - 13*m - 14. Let g be b(11). Let t be d(g). What is the greatest common factor of 66 and t?
66
Let v be (-2 + (6 - 2))/(1/(-1)). Let q be v*(0 + 0 + (-180)/9). Calculate the greatest common divisor of 10 and q.
10
Suppose -3*u + 1738 = -4604. Calculate the greatest common divisor of 14 and u.
14
Suppose -17410 = 18*p - 23*p - 5*l, -3*p + 10390 = -5*l. What is the highest common factor of p and 556?
139
Suppose 5975*q = 6003*q - 190260. Calculate the greatest common divisor of q and 18.
9
Suppose 3*g - 751 - 204 = 2*n, -g + 3*n = -316. Calculate the highest common factor of 58 and g.
29
Suppose 2*j - 288 = 4*c, -33 = -j - 4*c + 135. Suppose 15*n - 13*n = -2*f + 16, 0 = 2*n. What is the highest common divisor of f and j?
8
Suppose -300 = 36*j - 46*j. Let a be -40*(5/15 + (-5)/6). Calculate the highest common factor of a and j.
10
Let a be 32/(4/((-40)/5)). Let g = a + 67. Suppose -3*x - 39 = -g*y, y + 31 = 2*y + 5*x. Calculate the highest common factor of 64 and y.
16
Let x(u) = -4*u**3 - 129*u**2 - 20*u + 393. Let i be x(-32). Calculate the greatest common divisor of i and 1521.
9
Let w = -94 + 99. Suppose -25 = -w*c - 5*b, -3 + 5 = 4*c - 5*b. Calculate the greatest common factor of 99 and c.
3
Let j(p) = 84*p. Let w be j(1). Let a(i) = -30*i - 138. Let o(t) = -9*t + 67. Let d be o(8). Let k be a(d). What is the highest common divisor of w and k?
12
Let r = -6089 - -6103. Calculate the highest common divisor of r and 1016.
2
Suppose c + 320 = -7*c. Let o be (-16)/c + 249/15. Let b be 2304/15 - (-9)/(-15). Calculate the greatest common divisor of b and o.
17
Suppose -77 = 8*d + 3*d. Let z be ((-742)/d)/((-3)/1 + 5). Calculate the highest common factor of z and 212.
53
Let a be 15/(-6)*(-6440)/25. Let l be (-1656)/a*(-56)/2. What is the highest common divisor of l and 168?
24
Let h(d) = d**2 + 4*d - 35. Let m be h(-20). Suppose -c + 49 = -2*k, -5*c + 221 = 8*k - 6*k. What is the greatest common factor of m and c?
15
Let g(s) = -4*s - 5*s - 66 + 3*s + 13*s. Let u be g(16). Calculate the greatest common divisor of 207 and u.
23
Suppose 2*j - 5*k + 7 = -22, 0 = 5*k - 5. Let t be 6/(-6 + (-80)/j). Let w(c) = c**2 - 7*c - 5. Let n be w(8). Calculate the greatest common divisor of t and n.
3
Let f = 18 + -4. Suppose -l - 3*m + 6 = 0, -4*l - 2*m - 18 = -4*m. Let y(i) = -11*i + 51. Let w be y(l). Calculate the highest common divisor of w and f.
14
Let t(s) = -s**3 + 6*s**2 + 3*s + 1. Let c be t(5). Suppose -2*d - 2262 = -c*d. What is the greatest common divisor of 87 and d?
29
Let t(y) = 2*y**2 - 50*y + 340. Let u be t(15). Calculate the greatest common divisor of 192 and u.
8
Let j(d) = d**3 - 14*d**2 - 8*d + 15. Let o be j(6). Let s = -51 - o. Let z be (96/(-56))/(3/(105/(-2))). What is the highest common factor of z and s?
30
Let y(p) = p**3 + 4*p**2 + p + 3. Let f be y(-4). Let z be f/(-3*4/1884). Suppose 5*o = 118 + z. What is the highest common factor of o and 11?
11
Suppose 3*j = -2*m + 934, 0 = -9*m + 14*m + 5*j - 2350. What is the greatest common factor of m and 612?
68
Let l(t) = t**3 + 3*t**2 - t + 1. Let v be l(2). Suppose v*k = 14*k + 330. Let f be (2/4)/(-5 - k/(-12)). Calculate the greatest common factor of f and 9.
1
Let c be (12 + (-2280)/16)*-2. What is the highest common factor of c and 117?
9
Suppose 4*t - 5*t + 44 = 21*t. Calculate the highest common divisor of 757 and t.
1
Suppose 5*u - 84 = 12*u. Let d be ((-27)/u)/((-15)/(-20)). Let k be 9 + d + -1 + 3. Calculate the highest common factor of k and 35.
7
Let g(u) = 2*u**2 + 8*u. Let h be g(-6). Suppose 8541*w - 1260 = 8471*w. What is the greatest common factor of w and h?
6
Let y = 19181 + -19157. What is the greatest common factor of 1074 and y?
6
Let n be (42/168 - 230/(-8)) + -1. Let a(p) = -2*p**3 - 2*p**2 - 8*p - 30. Let l be a(-6). Calculate the greatest common factor of n and l.
14
Let r be 1536/8*52/78. Calculate the highest common factor of r and 15552.
64
Let m be (297/(-9))/((-3)/2). Suppose 5*r - 38 = m. Let q = 166 + -106. Calculate the greatest common divisor of r and q.
12
Suppose 0 = 4*q + 3*i - 13473 - 10037, -4*i = -2*q + 11722. What is the highest common factor of q and 14?
7
Let u = 9731 - 6196. What is the highest common divisor of 105 and u?
35
Let k be (-5 + 4 - 0)/(6/(-42)). What is the greatest common factor of k and 917?
7
Let x be (12/(-6))/(4/(-34)). Let l = 35 - x. Suppose 3*n = -3*c + 123, -2*c - 2*n - 62 = -4*c. What is the highest common factor of c and l?
18
Let h be (-21 - -5)*1*-1. Suppose -3*j + 69 = -5*k, 0*j - 4*k - h = -j. Let x = 404 - 362. What is the highest common factor of x and j?
14
Let d be -4 + (4 + -2 - 1). Let z be (d/(12/(-46)))/((-5)/(-10)). What is the highest common factor of 115 and z?
23
Let q(l) = -2*l**2 - 85*l - 174. Let u be q(-38). What is the greatest common factor of 147 and u?
21
Let x(d) = 383*d - 3598. Let m be x(10). What is the greatest common factor of m and 406?
58
Let n = -2701 - -2702. Calculate the highest common factor of n and 293.
1
Let t be 32/(-6)*14/(700/(-30))*5. Suppose 0 = -3*m + 5 + 7. Calculate the highest common divisor of t and m.
4
Let m be (5 - 7) + -1 - 1 - -16. Suppose 0